{"id":766,"date":"2018-12-04T13:40:30","date_gmt":"2018-12-04T12:40:30","guid":{"rendered":"http:\/\/patxilarrainzar.educacion.navarra.es\/web\/?page_id=766"},"modified":"2019-11-13T13:31:24","modified_gmt":"2019-11-13T12:31:24","slug":"patioa-alaituz-elkartrukea-indartu","status":"publish","type":"page","link":"https:\/\/patxilarrainzar.educacion.navarra.es\/web\/es\/patioa-alaituz-elkartrukea-indartu\/","title":{"rendered":"\u201cPatioa alaituz, ELKARTRUKEA indartu\u201d"},"content":{"rendered":"<p>Este proyecto va dirigido al alumnado de 3\u00ba y 6\u00ba cursos de Educaci\u00f3n Primaria<\/p>\n<h3>L\u00edneas de trabajo:<\/h3>\n<ul>\n<li>Trabajo cooperativo y relaciones entre alumnado de diferente edad.<\/li>\n<li>LH 3A-6A , LH 3B-6B, eta LH 3C-6C<\/li>\n<li>Impulso en el uso del euskera.<\/li>\n<li>Educaci\u00f3n art\u00edstica<\/li>\n<\/ul>\n<h3>Descripci\u00f3n del proyecto:<\/h3>\n<p>En \u201cPatioa alaituz, elkartrukea indartu\u201d el alumnado trabajar\u00e1 de manera cooperativa siguiendo la metodolog\u00eda del proyecto \u201cElkartrukean\u201d llevada a cabo en los \u00faltimos a\u00f1os.<\/p>\n<p>A trav\u00e9s de este proyecto se pretende realizar diferentes murales en el patio de la escuela, a trav\u00e9s un trabajo sistem\u00e1tico entre los diferentes grupos.<\/p>\n<h3>Los principales objetivos del programa son:<\/h3>\n<ul>\n<li>Euskara: incentivar el uso del euskera de una manera m\u00e1s l\u00fadica.<\/li>\n<li>Convivencia: fomentar las relaciones entre el alumnado de diferente edad.<\/li>\n<li>Alegrar el patio a trav\u00e9s de las obras art\u00edsticas.<\/li>\n<li>Tener la oportunidad de mostrar lo trabajado en el aula.<\/li>\n<\/ul>\n<p><img loading=\"lazy\" class=\"aligncenter size-full wp-image-764\" src=\"http:\/\/patxilarrainzar.educacion.navarra.es\/web\/wp-content\/uploads\/2018\/12\/PatxiMuseoatxiki.png\" alt=\"\" width=\"1990\" height=\"264\" srcset=\"https:\/\/patxilarrainzar.educacion.navarra.es\/web\/wp-content\/uploads\/2018\/12\/PatxiMuseoatxiki.png 1990w, https:\/\/patxilarrainzar.educacion.navarra.es\/web\/wp-content\/uploads\/2018\/12\/PatxiMuseoatxiki-300x40.png 300w, https:\/\/patxilarrainzar.educacion.navarra.es\/web\/wp-content\/uploads\/2018\/12\/PatxiMuseoatxiki-768x102.png 768w, https:\/\/patxilarrainzar.educacion.navarra.es\/web\/wp-content\/uploads\/2018\/12\/PatxiMuseoatxiki-1024x136.png 1024w\" sizes=\"(max-width: 1990px) 100vw, 1990px\" \/><\/p>\n","protected":false},"excerpt":{"rendered":"<p>Este proyecto va dirigido al alumnado de 3\u00ba y 6\u00ba cursos de Educaci\u00f3n Primaria L\u00edneas de trabajo: Trabajo cooperativo y relaciones entre alumnado de diferente edad. LH 3A-6A , LH 3B-6B, eta LH 3C-6C Impulso en el uso del euskera. Educaci\u00f3n art\u00edstica Descripci\u00f3n del proyecto: En \u201cPatioa alaituz, elkartrukea indartu\u201d el alumnado trabajar\u00e1 de manera [&hellip;]<\/p>\n","protected":false},"author":1,"featured_media":0,"parent":0,"menu_order":0,"comment_status":"closed","ping_status":"closed","template":"","meta":{"_genesis_hide_title":false,"_genesis_hide_breadcrumbs":false,"_genesis_hide_singular_image":false,"_genesis_hide_footer_widgets":false,"_genesis_custom_body_class":"","_genesis_custom_post_class":"","_genesis_layout":""},"_links":{"self":[{"href":"https:\/\/patxilarrainzar.educacion.navarra.es\/web\/es\/wp-json\/wp\/v2\/pages\/766"}],"collection":[{"href":"https:\/\/patxilarrainzar.educacion.navarra.es\/web\/es\/wp-json\/wp\/v2\/pages"}],"about":[{"href":"https:\/\/patxilarrainzar.educacion.navarra.es\/web\/es\/wp-json\/wp\/v2\/types\/page"}],"author":[{"embeddable":true,"href":"https:\/\/patxilarrainzar.educacion.navarra.es\/web\/es\/wp-json\/wp\/v2\/users\/1"}],"replies":[{"embeddable":true,"href":"https:\/\/patxilarrainzar.educacion.navarra.es\/web\/es\/wp-json\/wp\/v2\/comments?post=766"}],"version-history":[{"count":3,"href":"https:\/\/patxilarrainzar.educacion.navarra.es\/web\/es\/wp-json\/wp\/v2\/pages\/766\/revisions"}],"predecessor-version":[{"id":1265,"href":"https:\/\/patxilarrainzar.educacion.navarra.es\/web\/es\/wp-json\/wp\/v2\/pages\/766\/revisions\/1265"}],"wp:attachment":[{"href":"https:\/\/patxilarrainzar.educacion.navarra.es\/web\/es\/wp-json\/wp\/v2\/media?parent=766"}],"curies":[{"name":"wp","href":"https:\/\/api.w.org\/{rel}","templated":true}]}}

<p>Este proyecto va dirigido al alumnado de 3º y 6º cursos de Educación Primaria</p>
<h3>Líneas de trabajo:</h3>
<ul>
<li>Trabajo cooperativo y relaciones entre alumnado de diferente edad.</li>
<li>LH 3A-6A , LH 3B-6B, eta LH 3C-6C</li>
<li>Impulso en el uso del euskera.</li>
<li>Educación artística</li>
</ul>
<h3>Descripción del proyecto:</h3>
<p>En “Patioa alaituz, elkartrukea indartu” el alumnado trabajará de manera cooperativa siguiendo la metodología del proyecto “Elkartrukean” llevada a cabo en los últimos años.</p>
<p>A través de este proyecto se pretende realizar diferentes murales en el patio de la escuela, a través un trabajo sistemático entre los diferentes grupos.</p>
<h3>Los principales objetivos del programa son:</h3>
<ul>
<li>Euskara: incentivar el uso del euskera de una manera más lúdica.</li>
<li>Convivencia: fomentar las relaciones entre el alumnado de diferente edad.</li>
<li>Alegrar el patio a través de las obras artísticas.</li>
<li>Tener la oportunidad de mostrar lo trabajado en el aula.</li>
</ul>
<p><img loading="lazy" class="aligncenter size-full wp-image-764" src="http://patxilarrainzar.educacion.navarra.es/web/wp-content/uploads/2018/12/PatxiMuseoatxiki.png" alt="" width="1990" height="264" srcset="https://patxilarrainzar.educacion.navarra.es/web/wp-content/uploads/2018/12/PatxiMuseoatxiki.png 1990w, https://patxilarrainzar.educacion.navarra.es/web/wp-content/uploads/2018/12/PatxiMuseoatxiki-300x40.png 300w, https://patxilarrainzar.educacion.navarra.es/web/wp-content/uploads/2018/12/PatxiMuseoatxiki-768x102.png 768w, https://patxilarrainzar.educacion.navarra.es/web/wp-content/uploads/2018/12/PatxiMuseoatxiki-1024x136.png 1024w" sizes="(max-width: 1990px) 100vw, 1990px" /></p>

<p>Este proyecto va dirigido al alumnado de 3º y 6º cursos de Educación Primaria Líneas de trabajo: Trabajo cooperativo y relaciones entre alumnado de diferente edad. LH 3A-6A , LH 3B-6B, eta LH 3C-6C Impulso en el uso del euskera. Educación artística Descripción del proyecto: En “Patioa alaituz, elkartrukea indartu” el alumnado trabajará de manera [&hellip;]</p>
